{"id":4206,"date":"2020-06-11T12:57:33","date_gmt":"2020-06-11T11:57:33","guid":{"rendered":"https:\/\/kobus.ch\/webshop\/?post_type=product&#038;p=4206"},"modified":"2024-11-25T18:39:16","modified_gmt":"2024-11-25T17:39:16","slug":"guten-abend-tee","status":"publish","type":"product","link":"https:\/\/kobus.ch\/webshop\/produkt\/guten-abend-tee\/","title":{"rendered":"Guten Abend Tee"},"content":{"rendered":"<p>Lieblingstee f\u00fcr den Abend &#8211; wohlriechend und -schmeckend. Die ausgewogene Mixtur von Kr\u00e4uter schmeckt angenehm w\u00fcrzig &#8211; ein sch\u00f6ner Ausklang f\u00fcr den Tag.<\/p>\n<p>Zutaten: Melisse, Thymian, Hopfen, Kamillenbl\u00fcten, Lavendel, Himbeerbl\u00e4tter, Haselnussbl\u00e4tter, Fenchel, Pfefferminze, Johanniskraut, Muskatnuss<\/p>\n<p>30g Bio-Qualit\u00e4t<\/p>\n","protected":false},"excerpt":{"rendered":"<p>Wenn der Kopf \u201cvoll\u201d ist und Entspannung gew\u00fcnscht wird ist diese Teemischung die Richtige<\/p>\n","protected":false},"featured_media":5056,"comment_status":"open","ping_status":"closed","template":"","meta":[],"product_brand":[],"product_cat":[109],"product_tag":[],"yst_prominent_words":[],"class_list":{"0":"post-4206","1":"product","2":"type-product","3":"status-publish","4":"has-post-thumbnail","6":"product_cat-tee","8":"first","9":"instock","10":"shipping-taxable","11":"product-type-simple"},"_links":{"self":[{"href":"https:\/\/kobus.ch\/webshop\/wp-json\/wp\/v2\/product\/4206","targetHints":{"allow":["GET"]}}],"collection":[{"href":"https:\/\/kobus.ch\/webshop\/wp-json\/wp\/v2\/product"}],"about":[{"href":"https:\/\/kobus.ch\/webshop\/wp-json\/wp\/v2\/types\/product"}],"replies":[{"embeddable":true,"href":"https:\/\/kobus.ch\/webshop\/wp-json\/wp\/v2\/comments?post=4206"}],"wp:featuredmedia":[{"embeddable":true,"href":"https:\/\/kobus.ch\/webshop\/wp-json\/wp\/v2\/media\/5056"}],"wp:attachment":[{"href":"https:\/\/kobus.ch\/webshop\/wp-json\/wp\/v2\/media?parent=4206"}],"wp:term":[{"taxonomy":"product_brand","embeddable":true,"href":"https:\/\/kobus.ch\/webshop\/wp-json\/wp\/v2\/product_brand?post=4206"},{"taxonomy":"product_cat","embeddable":true,"href":"https:\/\/kobus.ch\/webshop\/wp-json\/wp\/v2\/product_cat?post=4206"},{"taxonomy":"product_tag","embeddable":true,"href":"https:\/\/kobus.ch\/webshop\/wp-json\/wp\/v2\/product_tag?post=4206"},{"taxonomy":"yst_prominent_words","embeddable":true,"href":"https:\/\/kobus.ch\/webshop\/wp-json\/wp\/v2\/yst_prominent_words?post=4206"}],"curies":[{"name":"wp","href":"https:\/\/api.w.org\/{rel}","templated":true}]}}