{"id":4207,"date":"2020-06-11T13:03:11","date_gmt":"2020-06-11T12:03:11","guid":{"rendered":"https:\/\/kobus.ch\/webshop\/?post_type=product&#038;p=4207"},"modified":"2024-11-25T18:39:16","modified_gmt":"2024-11-25T17:39:16","slug":"herz-und-kreislauf-tee","status":"publish","type":"product","link":"https:\/\/kobus.ch\/webshop\/produkt\/herz-und-kreislauf-tee\/","title":{"rendered":"Herz &#8211; Kreislauf Tee"},"content":{"rendered":"<p>Ein starkes Herz und ein guter Kreislauf ergeben die Basis f\u00fcr Ihre Gesundheit<\/p>\n<p>Dieser Tee ist ein nat\u00fcrliches Kr\u00e4ftigungsmittel f\u00fcr Herz- und Kreislauf und zur Therapieunterst\u00fctzung bei nerv\u00f6sen Herzbeschwerden, Herzrhythmusst\u00f6rungen und Kreislaufschw\u00e4che. Eine Kurm\u00e4ssige Anwendung wird empfohlen.<\/p>\n<p>Zutaten: Weissdornbl\u00e4tter und Beeren, Ginko, Birkenbl\u00e4tter, Borretsch, Fenchelfr\u00fcchte, Rosmarin, Misteln, Melisse, Zimt, Oregano, Ringo CBD, Lindenbl\u00fcten, Lavendel<\/p>\n<p>30g Bio-Qualit\u00e4t<\/p>\n","protected":false},"excerpt":{"rendered":"<p>Traditionell bei Erwachsenen angewendet zur Unterst\u00fctzung der Herz-Kreislauf- Funktion<\/p>\n<p>Ein starkes Herz und ein guter Kreislauf ergeben die Basis f\u00fcr Ihre Gesundheit<\/p>\n","protected":false},"featured_media":4983,"comment_status":"open","ping_status":"closed","template":"","meta":[],"product_brand":[],"product_cat":[109],"product_tag":[],"yst_prominent_words":[],"class_list":{"0":"post-4207","1":"product","2":"type-product","3":"status-publish","4":"has-post-thumbnail","6":"product_cat-tee","8":"first","9":"instock","10":"shipping-taxable","11":"product-type-simple"},"_links":{"self":[{"href":"https:\/\/kobus.ch\/webshop\/wp-json\/wp\/v2\/product\/4207","targetHints":{"allow":["GET"]}}],"collection":[{"href":"https:\/\/kobus.ch\/webshop\/wp-json\/wp\/v2\/product"}],"about":[{"href":"https:\/\/kobus.ch\/webshop\/wp-json\/wp\/v2\/types\/product"}],"replies":[{"embeddable":true,"href":"https:\/\/kobus.ch\/webshop\/wp-json\/wp\/v2\/comments?post=4207"}],"wp:featuredmedia":[{"embeddable":true,"href":"https:\/\/kobus.ch\/webshop\/wp-json\/wp\/v2\/media\/4983"}],"wp:attachment":[{"href":"https:\/\/kobus.ch\/webshop\/wp-json\/wp\/v2\/media?parent=4207"}],"wp:term":[{"taxonomy":"product_brand","embeddable":true,"href":"https:\/\/kobus.ch\/webshop\/wp-json\/wp\/v2\/product_brand?post=4207"},{"taxonomy":"product_cat","embeddable":true,"href":"https:\/\/kobus.ch\/webshop\/wp-json\/wp\/v2\/product_cat?post=4207"},{"taxonomy":"product_tag","embeddable":true,"href":"https:\/\/kobus.ch\/webshop\/wp-json\/wp\/v2\/product_tag?post=4207"},{"taxonomy":"yst_prominent_words","embeddable":true,"href":"https:\/\/kobus.ch\/webshop\/wp-json\/wp\/v2\/yst_prominent_words?post=4207"}],"curies":[{"name":"wp","href":"https:\/\/api.w.org\/{rel}","templated":true}]}}