{"id":4256,"date":"2020-06-29T18:09:23","date_gmt":"2020-06-29T17:09:23","guid":{"rendered":"https:\/\/kobus.ch\/webshop\/?post_type=product&#038;p=4256"},"modified":"2024-11-03T12:05:20","modified_gmt":"2024-11-03T11:05:20","slug":"calendula-gesichtscreme","status":"publish","type":"product","link":"https:\/\/kobus.ch\/webshop\/produkt\/calendula-gesichtscreme\/","title":{"rendered":"Calendula Gesichtscreme"},"content":{"rendered":"<p><strong>Sch\u00fctzend, Feuchtigkeitsspendend, Pflegend<\/strong><\/p>\n<p>Die Calendula-Gesichtscreme pflegt und sch\u00fctzt die zarte Gesichtshaut. Wertvolle Natursubstanzen unterst\u00fctzen die nat\u00fcrlichen Hautfunktionen und spenden Feuchtigkeit.<\/p>\n<p>Zutaten: Kokos\u00f6l, Oliven\u00f6l, Bienenwachs, Auszug aus Ringelblumen- bl\u00fcten, \u00c4therische \u00d6le: Lavender, Rosegeranie, Neroli, Weihrauch<\/p>\n<p>30g Bio-Qualit\u00e4t<\/p>\n","protected":false},"excerpt":{"rendered":"<p><strong>Calendula Gesichtscreme. Sch\u00fctzend, Feuchtigkeitsspendend, Pflegend<\/strong><\/p>\n","protected":false},"featured_media":4628,"comment_status":"open","ping_status":"closed","template":"","meta":[],"product_brand":[],"product_cat":[153],"product_tag":[],"yst_prominent_words":[],"class_list":{"0":"post-4256","1":"product","2":"type-product","3":"status-publish","4":"has-post-thumbnail","6":"product_cat-salben","8":"first","9":"outofstock","10":"shipping-taxable","11":"product-type-simple"},"_links":{"self":[{"href":"https:\/\/kobus.ch\/webshop\/wp-json\/wp\/v2\/product\/4256","targetHints":{"allow":["GET"]}}],"collection":[{"href":"https:\/\/kobus.ch\/webshop\/wp-json\/wp\/v2\/product"}],"about":[{"href":"https:\/\/kobus.ch\/webshop\/wp-json\/wp\/v2\/types\/product"}],"replies":[{"embeddable":true,"href":"https:\/\/kobus.ch\/webshop\/wp-json\/wp\/v2\/comments?post=4256"}],"wp:featuredmedia":[{"embeddable":true,"href":"https:\/\/kobus.ch\/webshop\/wp-json\/wp\/v2\/media\/4628"}],"wp:attachment":[{"href":"https:\/\/kobus.ch\/webshop\/wp-json\/wp\/v2\/media?parent=4256"}],"wp:term":[{"taxonomy":"product_brand","embeddable":true,"href":"https:\/\/kobus.ch\/webshop\/wp-json\/wp\/v2\/product_brand?post=4256"},{"taxonomy":"product_cat","embeddable":true,"href":"https:\/\/kobus.ch\/webshop\/wp-json\/wp\/v2\/product_cat?post=4256"},{"taxonomy":"product_tag","embeddable":true,"href":"https:\/\/kobus.ch\/webshop\/wp-json\/wp\/v2\/product_tag?post=4256"},{"taxonomy":"yst_prominent_words","embeddable":true,"href":"https:\/\/kobus.ch\/webshop\/wp-json\/wp\/v2\/yst_prominent_words?post=4256"}],"curies":[{"name":"wp","href":"https:\/\/api.w.org\/{rel}","templated":true}]}}