{"id":4649,"date":"2021-05-03T16:51:13","date_gmt":"2021-05-03T15:51:13","guid":{"rendered":"https:\/\/kobus.ch\/webshop\/?post_type=product&#038;p=4649"},"modified":"2024-11-03T12:05:19","modified_gmt":"2024-11-03T11:05:19","slug":"durchblutungstee","status":"publish","type":"product","link":"https:\/\/kobus.ch\/webshop\/produkt\/durchblutungstee\/","title":{"rendered":"Durchblutungstee"},"content":{"rendered":"<p>Nur wenn unser K\u00f6rper gut durchblutet ist, erhalten unsere Organe gen\u00fcgend Sauerstoff und N\u00e4hrstoffe<\/p>\n<p>Zutaten: Ginko, Weissdornbl\u00e4tter- und beeren, Birke, Rosmarin, Beinwell, Brombeerbl\u00e4tter, Melisse, Minze, Schachtelhalm, Kamille, Waldmeister<\/p>\n<p>30g Bio-Qualit\u00e4t<\/p>\n","protected":false},"excerpt":{"rendered":"<p>Durchblutungstee &#8211; Nur wenn unser K\u00f6rper gut durchblutet ist, erhalten unsere Organe gen\u00fcgend Sauerstoff und N\u00e4hrstoffe<\/p>\n","protected":false},"featured_media":4650,"comment_status":"open","ping_status":"closed","template":"","meta":[],"product_brand":[],"product_cat":[109],"product_tag":[],"yst_prominent_words":[],"class_list":{"0":"post-4649","1":"product","2":"type-product","3":"status-publish","4":"has-post-thumbnail","6":"product_cat-tee","8":"first","9":"outofstock","10":"shipping-taxable","11":"product-type-simple"},"_links":{"self":[{"href":"https:\/\/kobus.ch\/webshop\/wp-json\/wp\/v2\/product\/4649","targetHints":{"allow":["GET"]}}],"collection":[{"href":"https:\/\/kobus.ch\/webshop\/wp-json\/wp\/v2\/product"}],"about":[{"href":"https:\/\/kobus.ch\/webshop\/wp-json\/wp\/v2\/types\/product"}],"replies":[{"embeddable":true,"href":"https:\/\/kobus.ch\/webshop\/wp-json\/wp\/v2\/comments?post=4649"}],"wp:featuredmedia":[{"embeddable":true,"href":"https:\/\/kobus.ch\/webshop\/wp-json\/wp\/v2\/media\/4650"}],"wp:attachment":[{"href":"https:\/\/kobus.ch\/webshop\/wp-json\/wp\/v2\/media?parent=4649"}],"wp:term":[{"taxonomy":"product_brand","embeddable":true,"href":"https:\/\/kobus.ch\/webshop\/wp-json\/wp\/v2\/product_brand?post=4649"},{"taxonomy":"product_cat","embeddable":true,"href":"https:\/\/kobus.ch\/webshop\/wp-json\/wp\/v2\/product_cat?post=4649"},{"taxonomy":"product_tag","embeddable":true,"href":"https:\/\/kobus.ch\/webshop\/wp-json\/wp\/v2\/product_tag?post=4649"},{"taxonomy":"yst_prominent_words","embeddable":true,"href":"https:\/\/kobus.ch\/webshop\/wp-json\/wp\/v2\/yst_prominent_words?post=4649"}],"curies":[{"name":"wp","href":"https:\/\/api.w.org\/{rel}","templated":true}]}}