{"id":4675,"date":"2021-11-16T21:51:02","date_gmt":"2021-11-16T20:51:02","guid":{"rendered":"https:\/\/kobus.ch\/webshop\/?post_type=product&#038;p=4675"},"modified":"2024-11-25T18:38:19","modified_gmt":"2024-11-25T17:38:19","slug":"cbd-oel-10-ringo-10ml","status":"publish","type":"product","link":"https:\/\/kobus.ch\/webshop\/produkt\/cbd-oel-10-ringo-10ml\/","title":{"rendered":"CBD \u00d6l 18% Ringo 10ml"},"content":{"rendered":"<p>Entspannend, Schmerzlindernd, Entz\u00fcndungshemmend, Krampfl\u00f6send<\/p>\n<ul>\n<li>Inhaltsstoffe: Ringo\u2019s Gift (1000 mg), Bio-Oliven\u00f6l<\/li>\n<li>Hergestellt in der Schweiz<\/li>\n<li>Geschmack: Nussig, bitter<\/li>\n<li>Der Umwelt zuliebe ohne Verpackung<\/li>\n<li>Eine Flasche enth\u00e4lt ca. 200 Tropfen<\/li>\n<li>Bei einer Dosis von 7 Tropfen pro Tag h\u00e4lt die Flasche ca. 30 Tage<\/li>\n<li>1 Tropfen enth\u00e4lt ca. 10 mg CBD<\/li>\n<li>&lt;1% THC<\/li>\n<\/ul>\n<p>10ml Bio Qualit\u00e4t<\/p>\n","protected":false},"excerpt":{"rendered":"<p>CBD \u00d6l 18%\u00a0 Ringo Hanfextrakt (1000 mg), Bio-Oliven\u00f6l. Entspannend, Schmerzlindernd, Entz\u00fcndungshemmend, Krampfl\u00f6send<\/p>\n","protected":false},"featured_media":4676,"comment_status":"open","ping_status":"closed","template":"","meta":[],"product_brand":[],"product_cat":[152],"product_tag":[],"yst_prominent_words":[],"class_list":{"0":"post-4675","1":"product","2":"type-product","3":"status-publish","4":"has-post-thumbnail","6":"product_cat-cbd-oel","8":"first","9":"instock","10":"product-type-simple"},"_links":{"self":[{"href":"https:\/\/kobus.ch\/webshop\/wp-json\/wp\/v2\/product\/4675","targetHints":{"allow":["GET"]}}],"collection":[{"href":"https:\/\/kobus.ch\/webshop\/wp-json\/wp\/v2\/product"}],"about":[{"href":"https:\/\/kobus.ch\/webshop\/wp-json\/wp\/v2\/types\/product"}],"replies":[{"embeddable":true,"href":"https:\/\/kobus.ch\/webshop\/wp-json\/wp\/v2\/comments?post=4675"}],"wp:featuredmedia":[{"embeddable":true,"href":"https:\/\/kobus.ch\/webshop\/wp-json\/wp\/v2\/media\/4676"}],"wp:attachment":[{"href":"https:\/\/kobus.ch\/webshop\/wp-json\/wp\/v2\/media?parent=4675"}],"wp:term":[{"taxonomy":"product_brand","embeddable":true,"href":"https:\/\/kobus.ch\/webshop\/wp-json\/wp\/v2\/product_brand?post=4675"},{"taxonomy":"product_cat","embeddable":true,"href":"https:\/\/kobus.ch\/webshop\/wp-json\/wp\/v2\/product_cat?post=4675"},{"taxonomy":"product_tag","embeddable":true,"href":"https:\/\/kobus.ch\/webshop\/wp-json\/wp\/v2\/product_tag?post=4675"},{"taxonomy":"yst_prominent_words","embeddable":true,"href":"https:\/\/kobus.ch\/webshop\/wp-json\/wp\/v2\/yst_prominent_words?post=4675"}],"curies":[{"name":"wp","href":"https:\/\/api.w.org\/{rel}","templated":true}]}}