{"id":4978,"date":"2023-08-13T13:53:48","date_gmt":"2023-08-13T12:53:48","guid":{"rendered":"https:\/\/kobus.ch\/webshop\/?post_type=product&#038;p=4978"},"modified":"2024-11-25T18:38:19","modified_gmt":"2024-11-25T17:38:19","slug":"lymph-oel","status":"publish","type":"product","link":"https:\/\/kobus.ch\/webshop\/produkt\/lymph-oel\/","title":{"rendered":"Lymph\u00f6l"},"content":{"rendered":"<p><strong>Regt den Lymphfluss an und verbessert das Hautbild.<br \/>\n<\/strong><\/p>\n<p>Zutaten: Mandel\u00f6l, Rizinus\u00f6l, Johanniskraut\u00f6l<br \/>\n\u00c4therische \u00d6le: Grapefruit, Orange, Rosmarin, Lavendel, Zypresse, Palmarosa, Tonka, Sandelholz, Cistrose<\/p>\n<p>50ml Bio-Qualit\u00e4t<\/p>\n","protected":false},"excerpt":{"rendered":"<p><strong>Lymph\u00f6l &#8211; Regt den Lymphfluss an und\u00a0 verbessert das Hautbild<\/strong><\/p>\n","protected":false},"featured_media":4979,"comment_status":"open","ping_status":"closed","template":"","meta":[],"product_brand":[],"product_cat":[157],"product_tag":[],"yst_prominent_words":[],"class_list":{"0":"post-4978","1":"product","2":"type-product","3":"status-publish","4":"has-post-thumbnail","6":"product_cat-oel","8":"first","9":"instock","10":"shipping-taxable","11":"product-type-simple"},"_links":{"self":[{"href":"https:\/\/kobus.ch\/webshop\/wp-json\/wp\/v2\/product\/4978","targetHints":{"allow":["GET"]}}],"collection":[{"href":"https:\/\/kobus.ch\/webshop\/wp-json\/wp\/v2\/product"}],"about":[{"href":"https:\/\/kobus.ch\/webshop\/wp-json\/wp\/v2\/types\/product"}],"replies":[{"embeddable":true,"href":"https:\/\/kobus.ch\/webshop\/wp-json\/wp\/v2\/comments?post=4978"}],"wp:featuredmedia":[{"embeddable":true,"href":"https:\/\/kobus.ch\/webshop\/wp-json\/wp\/v2\/media\/4979"}],"wp:attachment":[{"href":"https:\/\/kobus.ch\/webshop\/wp-json\/wp\/v2\/media?parent=4978"}],"wp:term":[{"taxonomy":"product_brand","embeddable":true,"href":"https:\/\/kobus.ch\/webshop\/wp-json\/wp\/v2\/product_brand?post=4978"},{"taxonomy":"product_cat","embeddable":true,"href":"https:\/\/kobus.ch\/webshop\/wp-json\/wp\/v2\/product_cat?post=4978"},{"taxonomy":"product_tag","embeddable":true,"href":"https:\/\/kobus.ch\/webshop\/wp-json\/wp\/v2\/product_tag?post=4978"},{"taxonomy":"yst_prominent_words","embeddable":true,"href":"https:\/\/kobus.ch\/webshop\/wp-json\/wp\/v2\/yst_prominent_words?post=4978"}],"curies":[{"name":"wp","href":"https:\/\/api.w.org\/{rel}","templated":true}]}}