{"id":5099,"date":"2024-02-22T21:55:48","date_gmt":"2024-02-22T20:55:48","guid":{"rendered":"https:\/\/kobus.ch\/webshop\/?post_type=product&#038;p=5099"},"modified":"2024-11-25T18:38:19","modified_gmt":"2024-11-25T17:38:19","slug":"oxymel","status":"publish","type":"product","link":"https:\/\/kobus.ch\/webshop\/produkt\/oxymel\/","title":{"rendered":"Oxymel"},"content":{"rendered":"<p>Oxymel- st\u00e4rkt die Abwehrkr\u00e4fte deines K\u00f6rpers<\/p>\n<p>Unser Oxymel mit Honig &amp; Apfelessig hilft Ihnen, Ihrem K\u00f6rper das zu geben, was er ben\u00f6tigt. Dieses rein pflanzliche und nat\u00fcrliche Produkt verwendet eine einzigartige Mischung aus Honig, Apfelessig und eigene Heilkr\u00e4uter.<\/p>\n<p>Einsatzstoffe: Waldhonig, Apfelessig, Thymian, Echinacea, Melisse, Oregano, Brennnessel, Spitzwegerich, Hagebutten, Oregano, Lavendel, Beifuss, Salbei, Schafgarbe<\/p>\n<p>100ml Bio-Qualit\u00e4t<\/p>\n","protected":false},"excerpt":{"rendered":"<p>Oxymel &#8211; st\u00e4rkt die Abwehrkr\u00e4fte deines K\u00f6rpers<\/p>\n","protected":false},"featured_media":5100,"comment_status":"open","ping_status":"closed","template":"","meta":[],"product_brand":[],"product_cat":[154],"product_tag":[],"yst_prominent_words":[],"class_list":{"0":"post-5099","1":"product","2":"type-product","3":"status-publish","4":"has-post-thumbnail","6":"product_cat-tinkturen","8":"first","9":"instock","10":"shipping-taxable","11":"product-type-simple"},"_links":{"self":[{"href":"https:\/\/kobus.ch\/webshop\/wp-json\/wp\/v2\/product\/5099","targetHints":{"allow":["GET"]}}],"collection":[{"href":"https:\/\/kobus.ch\/webshop\/wp-json\/wp\/v2\/product"}],"about":[{"href":"https:\/\/kobus.ch\/webshop\/wp-json\/wp\/v2\/types\/product"}],"replies":[{"embeddable":true,"href":"https:\/\/kobus.ch\/webshop\/wp-json\/wp\/v2\/comments?post=5099"}],"wp:featuredmedia":[{"embeddable":true,"href":"https:\/\/kobus.ch\/webshop\/wp-json\/wp\/v2\/media\/5100"}],"wp:attachment":[{"href":"https:\/\/kobus.ch\/webshop\/wp-json\/wp\/v2\/media?parent=5099"}],"wp:term":[{"taxonomy":"product_brand","embeddable":true,"href":"https:\/\/kobus.ch\/webshop\/wp-json\/wp\/v2\/product_brand?post=5099"},{"taxonomy":"product_cat","embeddable":true,"href":"https:\/\/kobus.ch\/webshop\/wp-json\/wp\/v2\/product_cat?post=5099"},{"taxonomy":"product_tag","embeddable":true,"href":"https:\/\/kobus.ch\/webshop\/wp-json\/wp\/v2\/product_tag?post=5099"},{"taxonomy":"yst_prominent_words","embeddable":true,"href":"https:\/\/kobus.ch\/webshop\/wp-json\/wp\/v2\/yst_prominent_words?post=5099"}],"curies":[{"name":"wp","href":"https:\/\/api.w.org\/{rel}","templated":true}]}}